 17, 1428851
List the prime factors of 379566818.
2, 307, 503, 1229
List the prime factors of 7126648166.
2, 11, 17, 19055209
What are the prime factors of 424194458?
2, 47, 4512707
What are the prime factors of 2596236867?
3, 7, 4578901
List the prime factors of 47288213.
7, 6755459
What are the prime factors of 37331772?
2, 3, 3110981
List the prime factors of 532975825.
5, 21319033
List the prime factors of 263996577.
3, 13, 250709
List the prime factors of 14434459.
13, 85411
List the prime factors of 499742142.
2, 3, 19, 101, 43403
What are the prime factors of 3117276446?
2, 59, 1259, 20983
What are the prime factors of 700830235?
5, 7, 20023721
List the prime factors of 6059212563.
3, 83, 24334187
List the prime factors of 283204436.
2, 70801109
What are the prime factors of 202663538?
2, 7, 11, 19, 69263
What are the prime factors of 502896773?
11279, 44587
List the prime factors of 58977309.
3, 499, 39397
List the prime factors of 71041487.
11, 17, 47, 59, 137
What are the prime factors of 222295048?
2, 31, 233, 3847
List the prime factors of 721134205.
5, 11, 2731, 4801
What are the prime factors of 881004353?
5507, 159979
List the prime factors of 1612275500.
2, 5, 11, 433, 677
What are the prime factors of 670746205?
5, 134149241
What are the prime factors of 176478803?
176478803
List the prime factors of 57332467.
379, 151273
List the prime factors of 38479456.
2, 1202483
What are the prime factors of 5913056179?
51481, 114859
What are the prime factors of 95581370?
2, 5, 31, 308327
What are the prime factors of 2299489212?
2, 3, 19, 71, 142049
List the prime factors of 126168174.
2, 3, 11, 643, 991
List the prime factors of 3169212177.
3, 233, 1549, 2927
What are the prime factors of 2031216112?
2, 23, 43, 5581
List the prime factors of 63732896.
2, 1991653
List the prime factors of 45979264.
2, 79, 4547
List the prime factors of 427142772.
2, 3, 7, 59, 28729
List the prime factors of 4050696919.
4050696919
List the prime factors of 147434100.
2, 3, 5, 11, 43, 1039
List the prime factors of 3144393207.
3, 3793, 92111
List the prime factors of 238136883.
3, 6833, 11617
List the prime factors of 60438251.
31, 61, 1031
What are the prime factors of 1047624309?
3, 23, 61, 163, 509
What are the prime factors of 2299591241?
17, 1061, 127493
List the prime factors of 5068327.
11, 41887
List the prime factors of 338089850.
2, 5, 7, 647, 1493
What are the prime factors of 915386003?
7, 59, 316633
What are the prime factors of 146728819?
17, 2417, 3571
What are the prime factors of 555002153?
359, 911, 1697
List the prime factors of 4244756925.
3, 5, 293, 193163
What are the prime factors of 56791081?
56791081
What are the prime factors of 141625970?
2, 5, 14162597
List the prime factors of 13803713.
7, 11, 179269
List the prime factors of 4396147411.
9181, 478831
List the prime factors of 25881724.
2, 11, 19, 83, 373
What are the prime factors of 186072764?
2, 46518191
List the prime factors of 428327590.
2, 5, 42832759
What are the prime factors of 1050699152?
2, 43, 1527179
What are the prime factors of 3240729594?
2, 3, 60013511
What are the prime factors of 48222997?
73, 660589
List the prime factors of 1864719078.
2, 3, 47, 6612479
List the prime factors of 260170845.
3, 5, 11, 1576793
List the prime factors of 1422071748.
2, 3, 43, 139, 2203
What are the prime factors of 586788551?
4021, 145931
List the prime factors of 1221201253.
1221201253
What are the prime factors of 3276120932?
2, 7, 17, 6882607
What are the prime factors of 2775571792?
2, 7, 83, 127, 2351
List the prime factors of 991916711.
223, 797, 5581
List the prime factors of 173096996.
2, 2879, 15031
What are the prime factors of 21774455?
5, 179, 24329
List the prime factors of 51623477.
23, 2244499
What are the prime factors of 29286218?
2, 13, 41, 83, 331
List the prime factors of 5610100222.
2, 2805050111
List the prime factors of 1978088317.
1978088317
What are the prime factors of 722159180?
2, 5, 97, 157, 2371
What are the prime factors of 2148422002?
2, 883, 1216547
What are the prime factors of 87047732?
2, 23, 61, 15511
What are the prime factors of 24941994?
2, 3, 7, 11, 53987
What are the prime factors of 258075251?
7, 2129, 17317
List the prime factors of 103236777.
3, 7, 131, 1787
What are the prime factors of 2555393604?
2, 3, 37, 59, 97549
What are the prime factors of 280211550?
2, 3, 5, 1291, 1447
List the prime factors of 1083092638.
2, 29, 37, 569, 887
List the prime factors of 79181870.
2, 5, 23, 344269
What are the prime factors of 1446605879?
137, 10559167
What are the prime factors of 42421957?
42421957
List the prime factors of 78795983.
7, 19, 592451
What are the prime factors of 1580441950?
2, 5, 751, 42089
List the prime factors of 203170349.
17, 151, 79147
What are the prime factors of 2322415976?
2, 290301997
List the prime factors of 1269342466.
2, 7, 4507, 20117
What are the prime factors of 63091211?
29, 2175559
What are the prime factors of 74646083?
3391, 22013
List the prime factors of 362501349.
3, 7, 17261969
List the prime factors of 166965271.
11, 139, 109199
What are the prime factors of 446246203?
13, 2137, 16063
What are the prime factors of 139867426?
2, 101, 692413
List the prime factors of 754253055.
3, 5, 2591, 6469
What are the prime factors of 183386377?
347, 528491
List the prime factors of 1452061055.
5, 290412211
List the prime factors of 285473933.
285473933
List the prime factors of 530427614.
2, 139, 1908013
List the prime factors of 4132134397.
29, 142487393
What are the prime factors of 536095954?
2, 53, 5057509
What are the prime factors of 48575832?
2, 3, 2023993
List the prime factors of 12452587.
7, 211, 8431
List the prime factors of 73156318.
2, 127, 149, 1933
List the prime factors of 31289374.
2, 89, 175783
List the prime factors of 335823487.
335823487
List the prime factors of 11711893.
31, 467, 809
What are the prime factors of 2994180048?
2, 3, 4253, 4889
What are the prime factors of 774320979?
3, 258106993
What are the prime factors of 1645418565?
3, 5, 7, 199, 26249
What are the prime factors of 1521948?
2, 3, 53, 2393
What are the prime factors of 65814544?
2, 193, 21313
What are the prime factors of 416785735?
5, 59, 1412833
List the prime factors of 968816451.
3, 17, 18996401
What are the prime factors of 27330184?
2, 7, 593, 823
List the prime factors of 97884940.
2, 5, 359, 13633
List the prime factors of 4183821654.
2, 3, 43, 47, 97, 3557
What are the prime factors of 1520516781?
3, 7, 19, 73, 17401
List the prime factors of 3347787506.
2, 7, 53, 644549
What are the prime factors of 186015516?
2, 3, 15501293
What are the prime factors of 60457964?
2, 7, 173, 1783
List the prime factors of 27051996.
2, 3, 167, 13499
What are the prime factors of 172634678?
2, 149, 579311
What are the prime factors of 4248768505?
5, 19, 44723879
What are the prime factors of 377369329?
229, 563, 2927
What are the prime factors of 6253643608?
2, 781705451
List the prime factors of 1868037051.
3, 71, 397, 22091
What are the prime factors of 3584342070?
2, 3, 5, 37, 358793
List the prime factors of 76375965.
3, 5, 61, 83471
What are the prime factors of 149098374?
2, 3, 23, 120047
List the prime factors of 31579402.
2, 15789701
What are the prime factors of 310088194?
2, 13, 17, 37, 67, 283
What are the prime factors of 2182286721?
3, 107, 6798401
List the prime factors of 8323732.
2, 1279, 1627
What are the prime factors of 24421398?
2, 3, 59, 149, 463
What are the prime factors of 4466286443?
661, 6756863
List the prime factors of 1776358903.
11, 161487173
What are the prime factors of 138463225?
5, 43, 151, 853
What are the prime factors of 158505685?
5, 13, 823, 2963
What are the prime factors of 53648887?
1609, 33343
What are the prime factors of 684769149?
3, 199, 433, 883
What are the prime factors of 84085042?
2, 42042521
List the prime factors of 891586674.
2, 3, 11, 23, 195781
What are the prime factors of 707877377?
37, 139, 137639
What are the prime factors of 6033702350?
2, 5, 13, 2909, 3191
List the prime factors of 87375584.
2, 2730487
List the prime factors of 36786523.
101, 364223
What are the prime factors of 81116774?
2, 40558387
What are the prime factors of 2790614067?
3, 4363, 213203
Wha